{"id":294,"date":"2023-04-11T12:00:20","date_gmt":"2023-04-11T10:00:20","guid":{"rendered":"https:\/\/4cloud.io\/?page_id=294"},"modified":"2023-04-11T12:00:53","modified_gmt":"2023-04-11T10:00:53","slug":"daas-desktop-as-a-service","status":"publish","type":"page","link":"https:\/\/4cloud.io\/index.php\/daas-desktop-as-a-service\/","title":{"rendered":"DaaS: Desktop as a Service"},"content":{"rendered":"\n<h3 class=\"wp-block-heading has-text-align-center\">Tutte le potenzialit\u00e0 del Virtual Desktop al giusto Prezzo.<\/h3>\n\n\n\n<p>Il modello Desktop-as-a-Service (DaaS) offre significativi vantaggi rispetto al modello desktop tradizionale:<\/p>\n\n\n\n<ul class=\"wp-block-list\">\n<li><strong>Deployment e dismissione pi\u00f9 rapidi degli utenti finali attivi:<\/strong> il desktop \u00e8 gi\u00e0 configurato, deve solo essere connesso a un nuovo dispositivo. Le aziende stagionali caratterizzate da picchi e cali della domanda o di dipendenti grazie al modello DaaS possono risparmiare tempo e denaro.<\/li>\n\n\n\n<li><strong>Costi di downtime ridotti per l&#8217;assistenza IT:<\/strong> grazie all&#8217;approccio Desktop-as-a-Service, le aziende forniscono assistenza IT da remoto ai propri dipendenti, riducendo il downtime.<\/li>\n\n\n\n<li><strong>Risparmio sui costi dell&#8217;hardware:<\/strong> i dispositivi basati sul modello DaaS (tipicamente Thin Client) sono pi\u00f9 economici e consumano meno, dal momento che richiedono una capacit\u00e0 di elaborazione notevolmente inferiore rispetto a laptop e desktop tradizionali.<\/li>\n\n\n\n<li><strong>Maggiore flessibilit\u00e0 a livello di dispositivi:<\/strong> i desktop DaaS possono essere eseguiti su vari sistemi operativi e tipi di dispositivi, favorendo la tendenza degli utenti a utilizzare i dispositivi personali per lavorare e affidando a Noi la gestione di tutti i dispositivi nel loro complesso.<\/li>\n\n\n\n<li><strong>Maggiore sicurezza:<\/strong> poich\u00e9 i dati sono memorizzati nel data center con DaaS, i rischi per la sicurezza sono notevolmente ridotti. Se un laptop o un dispositivo mobile viene sottratto, pu\u00f2 essere semplicemente disconnesso dal servizio. Dal momento che nessun dato risiede sul dispositivo rubato, il rischio di violazione dei dati sensibili \u00e8 davvero minimo. Inoltre, le patch e gli aggiornamenti della sicurezza sono pi\u00f9 semplici da installare in un ambiente DaaS poich\u00e9 tutti i desktop possono essere aggiornati contemporaneamente da una posizione remota.<\/li>\n<\/ul>\n\n\n\n<h3 class=\"wp-block-heading has-text-align-center\">Ma quanto mi costa?<\/h3>\n\n\n\n<p>Le infrastrutture Virtual Desktop (VDI) on-premise sono sempre state molto costose e di difficile implementazione: i vantaggi sopra elencati richiedevano quindi grossi investimenti in termini di licenze, hardware dedicato e consulenza. <br>Affidandoti a 4cloud puoi ottenere tutti i vantaggi sopra elencati a fronte di un <strong>canone per utente, omnicomprensivo e particolarmente conveniente<\/strong>. Contattaci per maggiori informazioni!<\/p>\n","protected":false},"excerpt":{"rendered":"<p>Tutte le potenzialit\u00e0 del Virtual Desktop al giusto Prezzo. Il modello Desktop-as-a-Service (DaaS) offre significativi vantaggi rispetto al modello desktop tradizionale: Ma quanto mi costa? Le infrastrutture Virtual Desktop (VDI) on-premise sono sempre state molto costose e di difficile implementazione: i vantaggi sopra elencati richiedevano quindi grossi investimenti in termini [&hellip;]<\/p>\n","protected":false},"author":1,"featured_media":297,"parent":0,"menu_order":0,"comment_status":"closed","ping_status":"closed","template":"","meta":{"footnotes":""},"class_list":["post-294","page","type-page","status-publish","has-post-thumbnail","hentry"],"_links":{"self":[{"href":"https:\/\/4cloud.io\/index.php\/wp-json\/wp\/v2\/pages\/294","targetHints":{"allow":["GET"]}}],"collection":[{"href":"https:\/\/4cloud.io\/index.php\/wp-json\/wp\/v2\/pages"}],"about":[{"href":"https:\/\/4cloud.io\/index.php\/wp-json\/wp\/v2\/types\/page"}],"author":[{"embeddable":true,"href":"https:\/\/4cloud.io\/index.php\/wp-json\/wp\/v2\/users\/1"}],"replies":[{"embeddable":true,"href":"https:\/\/4cloud.io\/index.php\/wp-json\/wp\/v2\/comments?post=294"}],"version-history":[{"count":2,"href":"https:\/\/4cloud.io\/index.php\/wp-json\/wp\/v2\/pages\/294\/revisions"}],"predecessor-version":[{"id":296,"href":"https:\/\/4cloud.io\/index.php\/wp-json\/wp\/v2\/pages\/294\/revisions\/296"}],"wp:featuredmedia":[{"embeddable":true,"href":"https:\/\/4cloud.io\/index.php\/wp-json\/wp\/v2\/media\/297"}],"wp:attachment":[{"href":"https:\/\/4cloud.io\/index.php\/wp-json\/wp\/v2\/media?parent=294"}],"curies":[{"name":"wp","href":"https:\/\/api.w.org\/{rel}","templated":true}]}}