{"id":187,"date":"2023-02-04T19:23:17","date_gmt":"2023-02-04T18:23:17","guid":{"rendered":"http:\/\/4cloud.io\/?page_id=187"},"modified":"2023-02-11T15:24:05","modified_gmt":"2023-02-11T14:24:05","slug":"vantaggi","status":"publish","type":"page","link":"https:\/\/4cloud.io\/index.php\/vantaggi\/","title":{"rendered":"I Vantaggi del Private Cloud"},"content":{"rendered":"\n<h3 class=\"has-text-align-center wp-block-heading\">Per prima cosa: Sicurezza ed Elasticit\u00e0<\/h3>\n\n\n\n<p>Se devi sviluppare un nuovo progetto (come ad esempio l&#8217;adozione di un nuovo gestionale) ma i tuoi server aziendali non sono sufficientemente performanti o sono gi\u00e0 sovraccarichi, affidati a noi per la creazione del Tuo ambiente Private Cloud dedicato. Progetteremo e metteremo a Tua disposizione un&#8217;infrastruttura virtualizzata su misura dedicata alla Tua impresa, dotata delle necessarie caratteristiche e dalle performance adeguate alle Tue esigenze.<br>Penseremo noi alla messa in sicurezza dei Tuoi server e dei Tuoi dati, grazie all&#8217;utilizzo delle migliori tecnologie presenti sul mercato. E se un domani le Tue esigenze dovessero mutare, nessun problema: siamo pronti a recepirle adeguando l&#8217;infrastruttura e le risorse per supportare la Tua crescita facilitando il Tuo lavoro. <\/p>\n\n\n\n<h3 class=\"has-text-align-center wp-block-heading\">Costi certi e &#8220;Chiavi in Mano&#8221;<\/h3>\n\n\n\n<p>La nostra formula di pricing si distacca non solo da quella del Public Cloud, ma anche da quella di moltissimi nostri competitor. Abbiamo deciso di mettere il Cliente al centro, offrendo canoni fissi e tariffazioni flat, senza badare all&#8217;effettivo consumo di risorse come la banda internet o il numero di operazioni I\/O effettuate. Quando si parla di soldi non ci piace fare sorprese.<\/p>\n\n\n\n<h3 class=\"has-text-align-center wp-block-heading\">Togliti il pensiero, ci siamo Noi.<\/h3>\n\n\n\n<p>Licenze, Manutenzioni software? Diventeranno un ricordo. Una volta sviluppato il progetto per il Tuo Private Cloud, il canone che ne risulter\u00e0 sar\u00e0 inclusivo di tutti i costi relativi alle licenze ed ai rinnovi. Per non parlare delle manutenzioni hardware che oggi paghi per Server, Storage, Switch e dispositivi vari: non saranno pi\u00f9 un Tuo problema.<\/p>\n\n\n\n<h3 class=\"has-text-align-center wp-block-heading\">Amministrazione Flessibile<\/h3>\n\n\n\n<p>La Tua infrastruttura Private Cloud potr\u00e0 essere amministrata nella maniera pi\u00f9 congeniale alla Tua operativit\u00e0 aziendale. Potrai decidere di lasciare a noi tutta la gestione, oppure di amministrare in completa autonomia l&#8217;infrastruttura; oppure potrai scegliere una via di mezzo, avvalendoti dei nostri servizi solo in caso di bisogno.<\/p>\n","protected":false},"excerpt":{"rendered":"<p>Per prima cosa: Sicurezza ed Elasticit\u00e0 Se devi sviluppare un nuovo progetto (come ad esempio l&#8217;adozione di un nuovo gestionale) ma i tuoi server aziendali non sono sufficientemente performanti o sono gi\u00e0 sovraccarichi, affidati a noi per la creazione del Tuo ambiente Private Cloud dedicato. Progetteremo e metteremo a Tua [&hellip;]<\/p>\n","protected":false},"author":1,"featured_media":171,"parent":0,"menu_order":0,"comment_status":"closed","ping_status":"closed","template":"","meta":{"footnotes":""},"class_list":["post-187","page","type-page","status-publish","has-post-thumbnail","hentry"],"_links":{"self":[{"href":"https:\/\/4cloud.io\/index.php\/wp-json\/wp\/v2\/pages\/187","targetHints":{"allow":["GET"]}}],"collection":[{"href":"https:\/\/4cloud.io\/index.php\/wp-json\/wp\/v2\/pages"}],"about":[{"href":"https:\/\/4cloud.io\/index.php\/wp-json\/wp\/v2\/types\/page"}],"author":[{"embeddable":true,"href":"https:\/\/4cloud.io\/index.php\/wp-json\/wp\/v2\/users\/1"}],"replies":[{"embeddable":true,"href":"https:\/\/4cloud.io\/index.php\/wp-json\/wp\/v2\/comments?post=187"}],"version-history":[{"count":8,"href":"https:\/\/4cloud.io\/index.php\/wp-json\/wp\/v2\/pages\/187\/revisions"}],"predecessor-version":[{"id":243,"href":"https:\/\/4cloud.io\/index.php\/wp-json\/wp\/v2\/pages\/187\/revisions\/243"}],"wp:featuredmedia":[{"embeddable":true,"href":"https:\/\/4cloud.io\/index.php\/wp-json\/wp\/v2\/media\/171"}],"wp:attachment":[{"href":"https:\/\/4cloud.io\/index.php\/wp-json\/wp\/v2\/media?parent=187"}],"curies":[{"name":"wp","href":"https:\/\/api.w.org\/{rel}","templated":true}]}}